0003330
In base 2, what is 10010110100 - -110101100010101100?
110101110101100000
In base 15, what is -b233 + 87a5?
-297d
In base 16, what is -1 - 32fdd0?
-32fdd1
In base 15, what is 20 + 1229d?
122bd
In base 11, what is -18976 + 2908?
-16069
In base 9, what is 1473752768 + -1?
1473752767
In base 5, what is -4 - 101412302?
-101412311
In base 13, what is 23158b93 + 0?
23158b93
In base 8, what is -6 - 4024204?
-4024212
In base 8, what is 204775 - -240?
205235
In base 5, what is 3133031 + -2404?
3130122
In base 3, what is 1222112120212112022 - -11?
1222112120212112110
In base 8, what is -72100523 - -11?
-72100512
In base 16, what is 1a + 1763d?
17657
In base 4, what is -111110022 - -100003?
-111010013
In base 9, what is 1344 + -7333?
-5878
In base 11, what is 22a97 - -1053?
2403a
In base 15, what is 75c4c16 - 0?
75c4c16
In base 5, what is -133221311 - 10?
-133221321
In base 12, what is -6b61860b + 0?
-6b61860b
In base 2, what is 10100101100001111001110111 + -100?
10100101100001111001110011
In base 9, what is 3833 - 457?
3365
In base 7, what is -144523665 + 2?
-144523663
In base 12, what is -2b986 - a0?
-2ba66
In base 2, what is 10010 - 1000100111011101000?
-1000100111011010110
In base 9, what is -1368 + -202562?
-204041
In base 13, what is 9 - -25a836?
25a842
In base 3, what is -21200 + 201102021?
201010121
In base 6, what is 531020035 - -4?
531020043
In base 6, what is 1 - -10145121102?
10145121103
In base 12, what is 4 - 4a6b2a7?
-4a6b2a3
In base 14, what is -94bd3 + -6a8?
-9549b
In base 8, what is -2333350 + -14?
-2333364
In base 6, what is 15315241225 - 1?
15315241224
In base 9, what is 47645345 - 8?
47645336
In base 12, what is 8b + 52a4b?
52b1a
In base 6, what is -2310141143 + -2?
-2310141145
In base 9, what is 15661471 + -26?
15661444
In base 16, what is 256642 - -15?
256657
In base 7, what is 40 + 3546611?
3546651
In base 15, what is 0 + 31112e?
31112e
In base 12, what is -169 - 171736?
-1718a3
In base 16, what is -9a8e8e + -5?
-9a8e93
In base 12, what is 7a2793 + 1b?
7a27b2
In base 11, what is -6 + -13a1284?
-13a128a
In base 3, what is 12 - 111112112011212000?
-111112112011211211
In base 9, what is 3305 - -36?
3342
In base 5, what is 14314014140 - -22?
14314014212
In base 7, what is -3 + -40553334?
-40553340
In base 14, what is 5b03bc0 + -6?
5b03bb8
In base 5, what is -1241110113 - -1?
-1241110112
In base 16, what is f056597 - -3?
f05659a
In base 6, what is -542452 + 515?
-541533
In base 3, what is -100222201212 + -1210122?
-101001112111
In base 11, what is -782a857 - -1?
-782a856
In base 16, what is 15 - -589c?
58b1
In base 5, what is 4412412414 - 3?
4412412411
In base 4, what is -2 - 3321121321?
-3321121323
In base 4, what is 203221 - 1012233?
-203012
In base 9, what is 10133814 - -10?
10133824
In base 5, what is 140420 + 33414?
224334
In base 2, what is 10000011101 + 100101111110100111?
100110001111000100
In base 15, what is 7 + 12dbae?
12dbb6
In base 8, what is 0 - 631622607?
-631622607
In base 13, what is -39061ca + -4?
-3906201
In base 5, what is -2143121 - 2441?
-2201112
In base 5, what is 12100410233014 - -10?
12100410233024
In base 16, what is 2 + -40d70f?
-40d70d
In base 7, what is -146 - -12045?
11566
In base 3, what is -120010111 + 10121112102?
10001101221
In base 10, what is -6449961 + 5?
-6449956
In base 4, what is -2003 + 111211?
103202
In base 10, what is 18036782 + 4?
18036786
In base 11, what is 4 - 225a231?
-225a228
In base 15, what is 2 - 35775c?
-35775a
In base 8, what is -3025 - 153?
-3200
In base 14, what is -4 + 6963007?
6963003
In base 7, what is -4 - 143000614?
-143000621
In base 9, what is 2 + -5330071?
-5330068
In base 2, what is -101010 - -1011110011010010?
1011110010101000
In base 8, what is -146310 - 174?
-146504
In base 3, what is 120020002120 + -121?
120020001222
In base 16, what is 91 - -16a03a?
16a0cb
In base 6, what is 2 - 1131231355?
-1131231353
In base 16, what is 36e + -2333?
-1fc5
In base 5, what is -4 - 322132041?
-322132100
In base 2, what is -110001111001111100 + 110010110?
-110001110011100110
In base 10, what is -6390139 - 4?
-6390143
In base 14, what is 2a5d - 5d?
2a00
In base 3, what is 122 + 1022122011201212?
1022122011202111
In base 4, what is 1110232223211 + 0?
1110232223211
In base 4, what is -2203312003313 - 11?
-2203312003330
In base 3, what is 112100010212122010 - 20?
112100010212121220
In base 3, what is 101221212101200002 + 12?
101221212101200021
In base 15, what is -3 - 1dd3ab?
-1dd3ae
In base 12, what is -79b - -14129?
1354a
In base 13, what is 25 - 143c781?
-143c759
In base 15, what is 606b9d - 3?
606b9a
In base 10, what is 1244 + 369?
1613
In base 16, what is -89bdb6 + 7?
-89bdaf
In base 5, what is -224031223 + 1233?
-224024440
In base 7, what is 1 + 3165102552?
3165102553
In base 15, what is -117 - -46150?
46038
In base 2, what is -111 + 10100001111011101001011?
10100001111011101000100
In base 16, what is 1c9c0c - 13?
1c9bf9
In base 5, what is -1 - 21120011?
-21120012
In base 15, what is -19b - 2b94bb?
-2b9667
In base 15, what is 5 - b2407d?
-b24078
In base 11, what is 137962 - -a60?
138912
In base 10, what is -4248 - 17541?
-21789
In base 8, what is -5 + -2141721?
-2141726
In base 15, what is -5b380 - ee6?
-5c376
In base 5, what is 10240 + -4134240?
-4124000
In base 15, what is 4 + -1b71938?
-1b71934
In base 8, what is 30 + 2566363?
2566413
In base 16, what is f340 - -47?
f387
In base 8, what is 60 + -1667731?
-1667651
In base 8, what is 27671660 + 7?
27671667
In base 12, what is -111b5 + 17?
-1119a
In base 3, what is -202 - -120202120022020?
120202120021111
In base 13, what is -2a3 + -6580ab?
-658381
In base 12, what is 12547 - 308?
1223b
In base 4, what is -13013 - 11300020?
-11313033
In base 2, what is -10010001010001001 + 110?
-10010001010000011
In base 3, what is -1211 - -102012102202201?
102012102200220
In base 2, what is 10100011011010 + -1001101100010?
1010101111000
In base 5, what is 311 + 3133431?
3134242
In base 9, what is -2036 - -650?
-1276
In base 14, what is -2 + 41831?
4182d
In base 2, what is 100 + 10100010110011110000100001?
10100010110011110000100101
In base 13, what is 11111272a + -3?
111112727
In base 8, what is -13264 + 1762?
-11302
In base 13, what is 33871377 - -2?
33871379
In base 9, what is -5535550 + 3?
-5535546
In base 5, what is 130020402213 - -3?
130020402221
In base 3, what is 0 - -11201201000101?
11201201000101
In base 12, what is -1a73 - 2a10?
-4883
In base 11, what is 252a - -77a?
31a9
In base 8, what is -5 + -42161635?
-42161642
In base 14, what is -7990013 + -5?
-7990018
In base 9, what is -636 - -54450?
53713
In base 2, what is 1010110100001101000111 + -1?
1010110100001101000110
In base 11, what is -14 - -6514626?
6514612
In base 15, what is 12 - 47a598?
-47a586
In base 6, what is -4015 + 35010?
30551
In base 16, what is 3a8b27 + f?
3a8b36
In base 2, what is 100010100010001001100 - 10011001?
100010100001110110011
In base 5, what is 111 + 201014233?
201014344
In base 2, what is -11 + 100001000100111100001?
100001000100111011110
In base 2, what is 1110100 - -10011111111001001?
10100000000111101
In base 9, what is -12 - 352500117?
-352500130
In base 4, what is 2203 + -1020032130?
-1020023321
In base 13, what is 21c6c2 + cc?
21c7c1
In base 15, what is -11 + -d375e7?
-d37608
In base 7, what is 16245 - 2446?
13466
In base 13, what is -776b18 - 10a?
-776c25
In base 16, what is -dbff + a?
-dbf5
In base 5, what is -10 + 340234034?
340234024
In base 13, what is 21651 - 2c?
21622
In base 7, what is 165625 + -1034?
164561
In base 15, what is -84 - 10a22?
-10aa6
In base 6, what is -1 + -42124513?
-42124514
In base 9, what is -17385500 + 4?
-17385485
In base 6, what is 12 - -13111131?
13111143
In base 16, what is c0 + 58c2e?
58cee
In base 8, what is 63035664 - -52?
63035736
In base 6, what is 2 - -233141335?
233141341
In base 11, what is -4 - -7363a02a?
7363a026
In base 9, what is -4 - 8345117?
-8345122
In base 13, what is -23 - a445c?
-a4482
In base 6, what is 23 + -2253322153?
-2253322130
In base 2, what is 100100 - -1110001000101000101?
1110001000101101001
In base 7, what is 660465654 + -3?
660465651
In base 2, what is 1111000100111 - -1110001010001010?
10000000010110001
In base 8, what is 15 - 7550234?
-7550217
In base 4, what is -102220121 + -233